{"id":72,"date":"2015-08-24T18:06:33","date_gmt":"2015-08-24T16:06:33","guid":{"rendered":"http:\/\/sonjafellner.com\/produkt\/amilia\/"},"modified":"2015-12-20T16:30:06","modified_gmt":"2015-12-20T15:30:06","slug":"amilia","status":"publish","type":"product","link":"https:\/\/sonjafellner.com\/?product=amilia","title":{"rendered":"Amilia"},"content":{"rendered":"<div class=\"dsc\">\n<div class=\"dsc\">\n<p>Das aufwendig verarbeitete Dirndl \u201cAmilia\u201d beeindruckt durch die wundersch\u00f6ne Farbkombinationen in lila. Das Mieder ist mit einem Stehkragen angeschnitten. Am Vorderteil sind Miederst\u00e4bchen eingearbeitet. Dadurch bekommt das Dirndl eine besonders gute Passform. Das Mieder ist vorne mit Miederhaken zu schlie\u00dfen. Der weitschwingende Tellerrock ist mit handgearbeiteten Froschgoscherln verziert. Die Seidensch\u00fcrze ist mit aufgen\u00e4hten Samtb\u00e4ndern verziert. Der Tellerrock ist mit einem weitschwingenden R\u00fcschenunterrock ausgestattet.<\/p>\n<div class=\"price\"><\/div>\n<\/div>\n<\/div>\n","protected":false},"excerpt":{"rendered":"<p>Das aufwendig verarbeitete Dirndl \u201cAmilia\u201d beeindruckt durch die wundersch\u00f6ne Farbkombinationen in lila. Das Mieder ist mit einem Stehkragen angeschnitten. Am Vorderteil sind Miederst\u00e4bchen eingearbeitet. Dadurch bekommt das Dirndl eine besonders gute Passform. Das Mieder ist vorne mit Miederhaken zu schlie\u00dfen. Der weitschwingende Tellerrock ist mit handgearbeiteten Froschgoscherln verziert. Die Seidensch\u00fcrze ist mit aufgen\u00e4hten Samtb\u00e4ndern verziert.<br class=\"read-more-spacer\"> <a class=\"more-link clearfix\" href=\"https:\/\/sonjafellner.com\/?product=amilia\">Read More<\/a><\/p>\n","protected":false},"featured_media":872,"comment_status":"open","ping_status":"closed","template":"","meta":[],"product_cat":[6,7],"product_tag":[],"yoast_head":"<!-- This site is optimized with the Yoast SEO plugin v20.11 - https:\/\/yoast.com\/wordpress\/plugins\/seo\/ -->\n<title>Amilia &ndash; Sonja Fellner<\/title>\n<meta name=\"robots\" content=\"index, follow, max-snippet:-1, max-image-preview:large, max-video-preview:-1\" \/>\n<link rel=\"canonical\" href=\"https:\/\/sonjafellner.com\/?product=amilia\" \/>\n<meta property=\"og:locale\" content=\"en_US\" \/>\n<meta property=\"og:type\" content=\"article\" \/>\n<meta property=\"og:title\" content=\"Amilia &ndash; Sonja Fellner\" \/>\n<meta property=\"og:description\" content=\"Das aufwendig verarbeitete Dirndl \u201cAmilia\u201d beeindruckt durch die wundersch\u00f6ne Farbkombinationen in lila. Das Mieder ist mit einem Stehkragen angeschnitten. Am Vorderteil sind Miederst\u00e4bchen eingearbeitet. Dadurch bekommt das Dirndl eine besonders gute Passform. Das Mieder ist vorne mit Miederhaken zu schlie\u00dfen. Der weitschwingende Tellerrock ist mit handgearbeiteten Froschgoscherln verziert. Die Seidensch\u00fcrze ist mit aufgen\u00e4hten Samtb\u00e4ndern verziert. Read More\" \/>\n<meta property=\"og:url\" content=\"https:\/\/sonjafellner.com\/?product=amilia\" \/>\n<meta property=\"og:site_name\" content=\"Sonja Fellner\" \/>\n<meta property=\"article:modified_time\" content=\"2015-12-20T15:30:06+00:00\" \/>\n<meta property=\"og:image\" content=\"https:\/\/sonjafellner.com\/wp-content\/uploads\/2015\/12\/amilia.front_.1000x1500.jpg\" \/>\n\t<meta property=\"og:image:width\" content=\"1000\" \/>\n\t<meta property=\"og:image:height\" content=\"1500\" \/>\n\t<meta property=\"og:image:type\" content=\"image\/jpeg\" \/>\n<meta name=\"twitter:card\" content=\"summary_large_image\" \/>\n<script type=\"application\/ld+json\" class=\"yoast-schema-graph\">{\"@context\":\"https:\/\/schema.org\",\"@graph\":[{\"@type\":\"WebPage\",\"@id\":\"https:\/\/sonjafellner.com\/?product=amilia\",\"url\":\"https:\/\/sonjafellner.com\/?product=amilia\",\"name\":\"Amilia &ndash; Sonja Fellner\",\"isPartOf\":{\"@id\":\"https:\/\/sonjafellner.com\/#website\"},\"datePublished\":\"2015-08-24T16:06:33+00:00\",\"dateModified\":\"2015-12-20T15:30:06+00:00\",\"breadcrumb\":{\"@id\":\"https:\/\/sonjafellner.com\/?product=amilia#breadcrumb\"},\"inLanguage\":\"en-US\",\"potentialAction\":[{\"@type\":\"ReadAction\",\"target\":[\"https:\/\/sonjafellner.com\/?product=amilia\"]}]},{\"@type\":\"BreadcrumbList\",\"@id\":\"https:\/\/sonjafellner.com\/?product=amilia#breadcrumb\",\"itemListElement\":[{\"@type\":\"ListItem\",\"position\":1,\"name\":\"Home\",\"item\":\"https:\/\/sonjafellner.com\/\"},{\"@type\":\"ListItem\",\"position\":2,\"name\":\"Shop\",\"item\":\"https:\/\/sonjafellner.com\/?page_id=14\"},{\"@type\":\"ListItem\",\"position\":3,\"name\":\"Amilia\"}]},{\"@type\":\"WebSite\",\"@id\":\"https:\/\/sonjafellner.com\/#website\",\"url\":\"https:\/\/sonjafellner.com\/\",\"name\":\"Sonja Fellner\",\"description\":\"Austria\",\"potentialAction\":[{\"@type\":\"SearchAction\",\"target\":{\"@type\":\"EntryPoint\",\"urlTemplate\":\"https:\/\/sonjafellner.com\/?s={search_term_string}\"},\"query-input\":\"required name=search_term_string\"}],\"inLanguage\":\"en-US\"}]}<\/script>\n<!-- \/ Yoast SEO plugin. -->","yoast_head_json":{"title":"Amilia &ndash; Sonja Fellner","robots":{"index":"index","follow":"follow","max-snippet":"max-snippet:-1","max-image-preview":"max-image-preview:large","max-video-preview":"max-video-preview:-1"},"canonical":"https:\/\/sonjafellner.com\/?product=amilia","og_locale":"en_US","og_type":"article","og_title":"Amilia &ndash; Sonja Fellner","og_description":"Das aufwendig verarbeitete Dirndl \u201cAmilia\u201d beeindruckt durch die wundersch\u00f6ne Farbkombinationen in lila. Das Mieder ist mit einem Stehkragen angeschnitten. Am Vorderteil sind Miederst\u00e4bchen eingearbeitet. Dadurch bekommt das Dirndl eine besonders gute Passform. Das Mieder ist vorne mit Miederhaken zu schlie\u00dfen. Der weitschwingende Tellerrock ist mit handgearbeiteten Froschgoscherln verziert. Die Seidensch\u00fcrze ist mit aufgen\u00e4hten Samtb\u00e4ndern verziert. Read More","og_url":"https:\/\/sonjafellner.com\/?product=amilia","og_site_name":"Sonja Fellner","article_modified_time":"2015-12-20T15:30:06+00:00","og_image":[{"width":1000,"height":1500,"url":"https:\/\/sonjafellner.com\/wp-content\/uploads\/2015\/12\/amilia.front_.1000x1500.jpg","type":"image\/jpeg"}],"twitter_card":"summary_large_image","schema":{"@context":"https:\/\/schema.org","@graph":[{"@type":"WebPage","@id":"https:\/\/sonjafellner.com\/?product=amilia","url":"https:\/\/sonjafellner.com\/?product=amilia","name":"Amilia &ndash; Sonja Fellner","isPartOf":{"@id":"https:\/\/sonjafellner.com\/#website"},"datePublished":"2015-08-24T16:06:33+00:00","dateModified":"2015-12-20T15:30:06+00:00","breadcrumb":{"@id":"https:\/\/sonjafellner.com\/?product=amilia#breadcrumb"},"inLanguage":"en-US","potentialAction":[{"@type":"ReadAction","target":["https:\/\/sonjafellner.com\/?product=amilia"]}]},{"@type":"BreadcrumbList","@id":"https:\/\/sonjafellner.com\/?product=amilia#breadcrumb","itemListElement":[{"@type":"ListItem","position":1,"name":"Home","item":"https:\/\/sonjafellner.com\/"},{"@type":"ListItem","position":2,"name":"Shop","item":"https:\/\/sonjafellner.com\/?page_id=14"},{"@type":"ListItem","position":3,"name":"Amilia"}]},{"@type":"WebSite","@id":"https:\/\/sonjafellner.com\/#website","url":"https:\/\/sonjafellner.com\/","name":"Sonja Fellner","description":"Austria","potentialAction":[{"@type":"SearchAction","target":{"@type":"EntryPoint","urlTemplate":"https:\/\/sonjafellner.com\/?s={search_term_string}"},"query-input":"required name=search_term_string"}],"inLanguage":"en-US"}]}},"_links":{"self":[{"href":"https:\/\/sonjafellner.com\/index.php?rest_route=\/wp\/v3\/product\/72"}],"collection":[{"href":"https:\/\/sonjafellner.com\/index.php?rest_route=\/wp\/v3\/product"}],"about":[{"href":"https:\/\/sonjafellner.com\/index.php?rest_route=\/wp\/v2\/types\/product"}],"replies":[{"embeddable":true,"href":"https:\/\/sonjafellner.com\/index.php?rest_route=%2Fwp%2Fv2%2Fcomments&post=72"}],"wp:featuredmedia":[{"embeddable":true,"href":"https:\/\/sonjafellner.com\/index.php?rest_route=\/wp\/v2\/media\/872"}],"wp:attachment":[{"href":"https:\/\/sonjafellner.com\/index.php?rest_route=%2Fwp%2Fv2%2Fmedia&parent=72"}],"wp:term":[{"taxonomy":"product_cat","embeddable":true,"href":"https:\/\/sonjafellner.com\/index.php?rest_route=%2Fwp%2Fv2%2Fproduct_cat&post=72"},{"taxonomy":"product_tag","embeddable":true,"href":"https:\/\/sonjafellner.com\/index.php?rest_route=%2Fwp%2Fv2%2Fproduct_tag&post=72"}],"curies":[{"name":"wp","href":"https:\/\/api.w.org\/{rel}","templated":true}]}}

<div class="dsc">
<div class="dsc">
<p>Das aufwendig verarbeitete Dirndl “Amilia” beeindruckt durch die wunderschöne Farbkombinationen in lila. Das Mieder ist mit einem Stehkragen angeschnitten. Am Vorderteil sind Miederstäbchen eingearbeitet. Dadurch bekommt das Dirndl eine besonders gute Passform. Das Mieder ist vorne mit Miederhaken zu schließen. Der weitschwingende Tellerrock ist mit handgearbeiteten Froschgoscherln verziert. Die Seidenschürze ist mit aufgenähten Samtbändern verziert. Der Tellerrock ist mit einem weitschwingenden Rüschenunterrock ausgestattet.</p>
<div class="price"></div>
</div>
</div>

<p>Das aufwendig verarbeitete Dirndl “Amilia” beeindruckt durch die wunderschöne Farbkombinationen in lila. Das Mieder ist mit einem Stehkragen angeschnitten. Am Vorderteil sind Miederstäbchen eingearbeitet. Dadurch bekommt das Dirndl eine besonders gute Passform. Das Mieder ist vorne mit Miederhaken zu schließen. Der weitschwingende Tellerrock ist mit handgearbeiteten Froschgoscherln verziert. Die Seidenschürze ist mit aufgenähten Samtbändern verziert.<br class="read-more-spacer"> <a class="more-link clearfix" href="https://sonjafellner.com/?product=amilia">Read More</a></p>

<!-- This site is optimized with the Yoast SEO plugin v20.11 - https://yoast.com/wordpress/plugins/seo/ -->
<title>Amilia &ndash; Sonja Fellner</title>
<meta name="robots" content="index, follow, max-snippet:-1, max-image-preview:large, max-video-preview:-1" />
<link rel="canonical" href="https://sonjafellner.com/?product=amilia" />
<meta property="og:locale" content="en_US" />
<meta property="og:type" content="article" />
<meta property="og:title" content="Amilia &ndash; Sonja Fellner" />
<meta property="og:description" content="Das aufwendig verarbeitete Dirndl “Amilia” beeindruckt durch die wunderschöne Farbkombinationen in lila. Das Mieder ist mit einem Stehkragen angeschnitten. Am Vorderteil sind Miederstäbchen eingearbeitet. Dadurch bekommt das Dirndl eine besonders gute Passform. Das Mieder ist vorne mit Miederhaken zu schließen. Der weitschwingende Tellerrock ist mit handgearbeiteten Froschgoscherln verziert. Die Seidenschürze ist mit aufgenähten Samtbändern verziert. Read More" />
<meta property="og:url" content="https://sonjafellner.com/?product=amilia" />
<meta property="og:site_name" content="Sonja Fellner" />
<meta property="article:modified_time" content="2015-12-20T15:30:06+00:00" />
<meta property="og:image" content="https://sonjafellner.com/wp-content/uploads/2015/12/amilia.front_.1000x1500.jpg" />
	<meta property="og:image:width" content="1000" />
	<meta property="og:image:height" content="1500" />
	<meta property="og:image:type" content="image/jpeg" />
<meta name="twitter:card" content="summary_large_image" />
<script type="application/ld+json" class="yoast-schema-graph">{"@context":"https://schema.org","@graph":[{"@type":"WebPage","@id":"https://sonjafellner.com/?product=amilia","url":"https://sonjafellner.com/?product=amilia","name":"Amilia &ndash; Sonja Fellner","isPartOf":{"@id":"https://sonjafellner.com/#website"},"datePublished":"2015-08-24T16:06:33+00:00","dateModified":"2015-12-20T15:30:06+00:00","breadcrumb":{"@id":"https://sonjafellner.com/?product=amilia#breadcrumb"},"inLanguage":"en-US","potentialAction":[{"@type":"ReadAction","target":["https://sonjafellner.com/?product=amilia"]}]},{"@type":"BreadcrumbList","@id":"https://sonjafellner.com/?product=amilia#breadcrumb","itemListElement":[{"@type":"ListItem","position":1,"name":"Home","item":"https://sonjafellner.com/"},{"@type":"ListItem","position":2,"name":"Shop","item":"https://sonjafellner.com/?page_id=14"},{"@type":"ListItem","position":3,"name":"Amilia"}]},{"@type":"WebSite","@id":"https://sonjafellner.com/#website","url":"https://sonjafellner.com/","name":"Sonja Fellner","description":"Austria","potentialAction":[{"@type":"SearchAction","target":{"@type":"EntryPoint","urlTemplate":"https://sonjafellner.com/?s={search_term_string}"},"query-input":"required name=search_term_string"}],"inLanguage":"en-US"}]}</script>
<!-- / Yoast SEO plugin. -->

Das aufwendig verarbeitete Dirndl “Amilia” beeindruckt durch die wunderschöne Farbkombinationen in lila. Das Mieder ist mit einem Stehkragen angeschnitten. Am Vorderteil sind Miederstäbchen eingearbeitet. Dadurch bekommt das Dirndl eine besonders gute Passform. Das Mieder ist vorne mit Miederhaken zu schließen. Der weitschwingende Tellerrock ist mit handgearbeiteten Froschgoscherln verziert. Die Seidenschürze ist mit aufgenähten Samtbändern verziert. Read More
