{"id":238,"date":"2015-08-31T02:06:16","date_gmt":"2015-08-31T00:06:16","guid":{"rendered":"http:\/\/sonjafellner.com\/?post_type=product&#038;p=238"},"modified":"2015-11-07T14:47:58","modified_gmt":"2015-11-07T13:47:58","slug":"conny","status":"publish","type":"product","link":"https:\/\/sonjafellner.com\/?product=conny","title":{"rendered":"Conny"},"content":{"rendered":"<p>Das aufwendig verarbeitete Dirndl \u201cConny\u201d verzaubert mit seinen hellen T\u00fcrkist\u00f6nen. Es ist aus reinem, knitterarmem Leinen gefertigt. Der luxuri\u00f6se Ausschnitt wird durch Perlen gekonnt betont und dadurch zum Blickfang. Die Perlen werden aufwendig mit der Hand aufgen\u00e4ht. Geschlossen wird das Oberteil mittig mit Miederhaken. Der weitschwingende Tellerrock ist mit handgearbeiteten Froschgoscherln verziert und mit einem weiten Unterrock versehen. Die farblich harmonierende Sch\u00fcrze in k\u00f6nigsblau aus feiner Perlenstickerei runden das Gesamtbild perfekt ab.<\/p>\n","protected":false},"excerpt":{"rendered":"<p>Das aufwendig verarbeitete Dirndl \u201cConny\u201d verzaubert mit seinen hellen T\u00fcrkist\u00f6nen. Es ist aus reinem, knitterarmem Leinen gefertigt. Der luxuri\u00f6se Ausschnitt wird durch Perlen gekonnt betont und dadurch zum Blickfang. Die Perlen werden aufwendig mit der Hand aufgen\u00e4ht. Geschlossen wird das Oberteil mittig mit Miederhaken. Der weitschwingende Tellerrock ist mit handgearbeiteten Froschgoscherln verziert und mit einem<br class=\"read-more-spacer\"> <a class=\"more-link clearfix\" href=\"https:\/\/sonjafellner.com\/?product=conny\">Read More<\/a><\/p>\n","protected":false},"featured_media":697,"comment_status":"closed","ping_status":"closed","template":"","meta":[],"product_cat":[6,7],"product_tag":[31,33,30,32],"yoast_head":"<!-- This site is optimized with the Yoast SEO plugin v20.11 - https:\/\/yoast.com\/wordpress\/plugins\/seo\/ -->\n<title>Conny &ndash; Sonja Fellner<\/title>\n<meta name=\"robots\" content=\"index, follow, max-snippet:-1, max-image-preview:large, max-video-preview:-1\" \/>\n<link rel=\"canonical\" href=\"https:\/\/sonjafellner.com\/?product=conny\" \/>\n<meta property=\"og:locale\" content=\"en_US\" \/>\n<meta property=\"og:type\" content=\"article\" \/>\n<meta property=\"og:title\" content=\"Conny &ndash; Sonja Fellner\" \/>\n<meta property=\"og:description\" content=\"Das aufwendig verarbeitete Dirndl \u201cConny\u201d verzaubert mit seinen hellen T\u00fcrkist\u00f6nen. Es ist aus reinem, knitterarmem Leinen gefertigt. Der luxuri\u00f6se Ausschnitt wird durch Perlen gekonnt betont und dadurch zum Blickfang. Die Perlen werden aufwendig mit der Hand aufgen\u00e4ht. Geschlossen wird das Oberteil mittig mit Miederhaken. Der weitschwingende Tellerrock ist mit handgearbeiteten Froschgoscherln verziert und mit einem Read More\" \/>\n<meta property=\"og:url\" content=\"https:\/\/sonjafellner.com\/?product=conny\" \/>\n<meta property=\"og:site_name\" content=\"Sonja Fellner\" \/>\n<meta property=\"article:modified_time\" content=\"2015-11-07T13:47:58+00:00\" \/>\n<meta property=\"og:image\" content=\"https:\/\/sonjafellner.com\/wp-content\/uploads\/2015\/11\/conny.front_.weiss_.jpg\" \/>\n\t<meta property=\"og:image:width\" content=\"1000\" \/>\n\t<meta property=\"og:image:height\" content=\"1500\" \/>\n\t<meta property=\"og:image:type\" content=\"image\/jpeg\" \/>\n<meta name=\"twitter:card\" content=\"summary_large_image\" \/>\n<script type=\"application\/ld+json\" class=\"yoast-schema-graph\">{\"@context\":\"https:\/\/schema.org\",\"@graph\":[{\"@type\":\"WebPage\",\"@id\":\"https:\/\/sonjafellner.com\/?product=conny\",\"url\":\"https:\/\/sonjafellner.com\/?product=conny\",\"name\":\"Conny &ndash; Sonja Fellner\",\"isPartOf\":{\"@id\":\"https:\/\/sonjafellner.com\/#website\"},\"datePublished\":\"2015-08-31T00:06:16+00:00\",\"dateModified\":\"2015-11-07T13:47:58+00:00\",\"breadcrumb\":{\"@id\":\"https:\/\/sonjafellner.com\/?product=conny#breadcrumb\"},\"inLanguage\":\"en-US\",\"potentialAction\":[{\"@type\":\"ReadAction\",\"target\":[\"https:\/\/sonjafellner.com\/?product=conny\"]}]},{\"@type\":\"BreadcrumbList\",\"@id\":\"https:\/\/sonjafellner.com\/?product=conny#breadcrumb\",\"itemListElement\":[{\"@type\":\"ListItem\",\"position\":1,\"name\":\"Home\",\"item\":\"https:\/\/sonjafellner.com\/\"},{\"@type\":\"ListItem\",\"position\":2,\"name\":\"Shop\",\"item\":\"https:\/\/sonjafellner.com\/?page_id=14\"},{\"@type\":\"ListItem\",\"position\":3,\"name\":\"Conny\"}]},{\"@type\":\"WebSite\",\"@id\":\"https:\/\/sonjafellner.com\/#website\",\"url\":\"https:\/\/sonjafellner.com\/\",\"name\":\"Sonja Fellner\",\"description\":\"Austria\",\"potentialAction\":[{\"@type\":\"SearchAction\",\"target\":{\"@type\":\"EntryPoint\",\"urlTemplate\":\"https:\/\/sonjafellner.com\/?s={search_term_string}\"},\"query-input\":\"required name=search_term_string\"}],\"inLanguage\":\"en-US\"}]}<\/script>\n<!-- \/ Yoast SEO plugin. -->","yoast_head_json":{"title":"Conny &ndash; Sonja Fellner","robots":{"index":"index","follow":"follow","max-snippet":"max-snippet:-1","max-image-preview":"max-image-preview:large","max-video-preview":"max-video-preview:-1"},"canonical":"https:\/\/sonjafellner.com\/?product=conny","og_locale":"en_US","og_type":"article","og_title":"Conny &ndash; Sonja Fellner","og_description":"Das aufwendig verarbeitete Dirndl \u201cConny\u201d verzaubert mit seinen hellen T\u00fcrkist\u00f6nen. Es ist aus reinem, knitterarmem Leinen gefertigt. Der luxuri\u00f6se Ausschnitt wird durch Perlen gekonnt betont und dadurch zum Blickfang. Die Perlen werden aufwendig mit der Hand aufgen\u00e4ht. Geschlossen wird das Oberteil mittig mit Miederhaken. Der weitschwingende Tellerrock ist mit handgearbeiteten Froschgoscherln verziert und mit einem Read More","og_url":"https:\/\/sonjafellner.com\/?product=conny","og_site_name":"Sonja Fellner","article_modified_time":"2015-11-07T13:47:58+00:00","og_image":[{"width":1000,"height":1500,"url":"https:\/\/sonjafellner.com\/wp-content\/uploads\/2015\/11\/conny.front_.weiss_.jpg","type":"image\/jpeg"}],"twitter_card":"summary_large_image","schema":{"@context":"https:\/\/schema.org","@graph":[{"@type":"WebPage","@id":"https:\/\/sonjafellner.com\/?product=conny","url":"https:\/\/sonjafellner.com\/?product=conny","name":"Conny &ndash; Sonja Fellner","isPartOf":{"@id":"https:\/\/sonjafellner.com\/#website"},"datePublished":"2015-08-31T00:06:16+00:00","dateModified":"2015-11-07T13:47:58+00:00","breadcrumb":{"@id":"https:\/\/sonjafellner.com\/?product=conny#breadcrumb"},"inLanguage":"en-US","potentialAction":[{"@type":"ReadAction","target":["https:\/\/sonjafellner.com\/?product=conny"]}]},{"@type":"BreadcrumbList","@id":"https:\/\/sonjafellner.com\/?product=conny#breadcrumb","itemListElement":[{"@type":"ListItem","position":1,"name":"Home","item":"https:\/\/sonjafellner.com\/"},{"@type":"ListItem","position":2,"name":"Shop","item":"https:\/\/sonjafellner.com\/?page_id=14"},{"@type":"ListItem","position":3,"name":"Conny"}]},{"@type":"WebSite","@id":"https:\/\/sonjafellner.com\/#website","url":"https:\/\/sonjafellner.com\/","name":"Sonja Fellner","description":"Austria","potentialAction":[{"@type":"SearchAction","target":{"@type":"EntryPoint","urlTemplate":"https:\/\/sonjafellner.com\/?s={search_term_string}"},"query-input":"required name=search_term_string"}],"inLanguage":"en-US"}]}},"_links":{"self":[{"href":"https:\/\/sonjafellner.com\/index.php?rest_route=\/wp\/v3\/product\/238"}],"collection":[{"href":"https:\/\/sonjafellner.com\/index.php?rest_route=\/wp\/v3\/product"}],"about":[{"href":"https:\/\/sonjafellner.com\/index.php?rest_route=\/wp\/v2\/types\/product"}],"replies":[{"embeddable":true,"href":"https:\/\/sonjafellner.com\/index.php?rest_route=%2Fwp%2Fv2%2Fcomments&post=238"}],"wp:featuredmedia":[{"embeddable":true,"href":"https:\/\/sonjafellner.com\/index.php?rest_route=\/wp\/v2\/media\/697"}],"wp:attachment":[{"href":"https:\/\/sonjafellner.com\/index.php?rest_route=%2Fwp%2Fv2%2Fmedia&parent=238"}],"wp:term":[{"taxonomy":"product_cat","embeddable":true,"href":"https:\/\/sonjafellner.com\/index.php?rest_route=%2Fwp%2Fv2%2Fproduct_cat&post=238"},{"taxonomy":"product_tag","embeddable":true,"href":"https:\/\/sonjafellner.com\/index.php?rest_route=%2Fwp%2Fv2%2Fproduct_tag&post=238"}],"curies":[{"name":"wp","href":"https:\/\/api.w.org\/{rel}","templated":true}]}}