{"id":146,"date":"2015-08-26T14:58:47","date_gmt":"2015-08-26T12:58:47","guid":{"rendered":"http:\/\/sonjafellner.com\/produkt\/bernadette\/"},"modified":"2015-09-12T17:04:31","modified_gmt":"2015-09-12T15:04:31","slug":"bernadette","status":"publish","type":"product","link":"https:\/\/sonjafellner.com\/?product=bernadette","title":{"rendered":"Bernadette"},"content":{"rendered":"<div class=\"dsc\">\n<p>Dieses Samtmieder hat eine interessante Schnittf\u00fchrung mit angeschnittenem Sch\u00f6\u00dfchen. Im Vorderteil sind Miederst\u00e4bchen eingearbeitet. Dadurch verleiht es der Tr\u00e4gerin eine sehr gute Passform. Das Mieder ist vorne mit Miederhaken zu schlie\u00dfen.<\/p>\n<p>Der Preis umfasst das Samtmieder. Der Rock kann separat bestellt werden.<\/p>\n<\/div>\n","protected":false},"excerpt":{"rendered":"<p>Dieses Samtmieder hat eine interessante Schnittf\u00fchrung mit angeschnittenem Sch\u00f6\u00dfchen. Im Vorderteil sind Miederst\u00e4bchen eingearbeitet. Dadurch verleiht es der Tr\u00e4gerin eine sehr gute Passform. Das Mieder ist vorne mit Miederhaken zu schlie\u00dfen. Der Preis umfasst das Samtmieder. Der Rock kann separat bestellt werden.<\/p>\n","protected":false},"featured_media":406,"comment_status":"closed","ping_status":"closed","template":"","meta":[],"product_cat":[20],"product_tag":[],"yoast_head":"<!-- This site is optimized with the Yoast SEO plugin v20.11 - https:\/\/yoast.com\/wordpress\/plugins\/seo\/ -->\n<title>Bernadette &ndash; Sonja Fellner<\/title>\n<meta name=\"robots\" content=\"index, follow, max-snippet:-1, max-image-preview:large, max-video-preview:-1\" \/>\n<link rel=\"canonical\" href=\"https:\/\/sonjafellner.com\/?product=bernadette\" \/>\n<meta property=\"og:locale\" content=\"en_US\" \/>\n<meta property=\"og:type\" content=\"article\" \/>\n<meta property=\"og:title\" content=\"Bernadette &ndash; Sonja Fellner\" \/>\n<meta property=\"og:description\" content=\"Dieses Samtmieder hat eine interessante Schnittf\u00fchrung mit angeschnittenem Sch\u00f6\u00dfchen. Im Vorderteil sind Miederst\u00e4bchen eingearbeitet. Dadurch verleiht es der Tr\u00e4gerin eine sehr gute Passform. Das Mieder ist vorne mit Miederhaken zu schlie\u00dfen. Der Preis umfasst das Samtmieder. Der Rock kann separat bestellt werden.\" \/>\n<meta property=\"og:url\" content=\"https:\/\/sonjafellner.com\/?product=bernadette\" \/>\n<meta property=\"og:site_name\" content=\"Sonja Fellner\" \/>\n<meta property=\"article:modified_time\" content=\"2015-09-12T15:04:31+00:00\" \/>\n<meta property=\"og:image\" content=\"https:\/\/sonjafellner.com\/wp-content\/uploads\/2015\/09\/bernadette.front_.jpg\" \/>\n\t<meta property=\"og:image:width\" content=\"1000\" \/>\n\t<meta property=\"og:image:height\" content=\"1500\" \/>\n\t<meta property=\"og:image:type\" content=\"image\/jpeg\" \/>\n<meta name=\"twitter:card\" content=\"summary_large_image\" \/>\n<script type=\"application\/ld+json\" class=\"yoast-schema-graph\">{\"@context\":\"https:\/\/schema.org\",\"@graph\":[{\"@type\":\"WebPage\",\"@id\":\"https:\/\/sonjafellner.com\/?product=bernadette\",\"url\":\"https:\/\/sonjafellner.com\/?product=bernadette\",\"name\":\"Bernadette &ndash; Sonja Fellner\",\"isPartOf\":{\"@id\":\"https:\/\/sonjafellner.com\/#website\"},\"datePublished\":\"2015-08-26T12:58:47+00:00\",\"dateModified\":\"2015-09-12T15:04:31+00:00\",\"breadcrumb\":{\"@id\":\"https:\/\/sonjafellner.com\/?product=bernadette#breadcrumb\"},\"inLanguage\":\"en-US\",\"potentialAction\":[{\"@type\":\"ReadAction\",\"target\":[\"https:\/\/sonjafellner.com\/?product=bernadette\"]}]},{\"@type\":\"BreadcrumbList\",\"@id\":\"https:\/\/sonjafellner.com\/?product=bernadette#breadcrumb\",\"itemListElement\":[{\"@type\":\"ListItem\",\"position\":1,\"name\":\"Home\",\"item\":\"https:\/\/sonjafellner.com\/\"},{\"@type\":\"ListItem\",\"position\":2,\"name\":\"Shop\",\"item\":\"https:\/\/sonjafellner.com\/?page_id=14\"},{\"@type\":\"ListItem\",\"position\":3,\"name\":\"Bernadette\"}]},{\"@type\":\"WebSite\",\"@id\":\"https:\/\/sonjafellner.com\/#website\",\"url\":\"https:\/\/sonjafellner.com\/\",\"name\":\"Sonja Fellner\",\"description\":\"Austria\",\"potentialAction\":[{\"@type\":\"SearchAction\",\"target\":{\"@type\":\"EntryPoint\",\"urlTemplate\":\"https:\/\/sonjafellner.com\/?s={search_term_string}\"},\"query-input\":\"required name=search_term_string\"}],\"inLanguage\":\"en-US\"}]}<\/script>\n<!-- \/ Yoast SEO plugin. -->","yoast_head_json":{"title":"Bernadette &ndash; Sonja Fellner","robots":{"index":"index","follow":"follow","max-snippet":"max-snippet:-1","max-image-preview":"max-image-preview:large","max-video-preview":"max-video-preview:-1"},"canonical":"https:\/\/sonjafellner.com\/?product=bernadette","og_locale":"en_US","og_type":"article","og_title":"Bernadette &ndash; Sonja Fellner","og_description":"Dieses Samtmieder hat eine interessante Schnittf\u00fchrung mit angeschnittenem Sch\u00f6\u00dfchen. Im Vorderteil sind Miederst\u00e4bchen eingearbeitet. Dadurch verleiht es der Tr\u00e4gerin eine sehr gute Passform. Das Mieder ist vorne mit Miederhaken zu schlie\u00dfen. Der Preis umfasst das Samtmieder. Der Rock kann separat bestellt werden.","og_url":"https:\/\/sonjafellner.com\/?product=bernadette","og_site_name":"Sonja Fellner","article_modified_time":"2015-09-12T15:04:31+00:00","og_image":[{"width":1000,"height":1500,"url":"https:\/\/sonjafellner.com\/wp-content\/uploads\/2015\/09\/bernadette.front_.jpg","type":"image\/jpeg"}],"twitter_card":"summary_large_image","schema":{"@context":"https:\/\/schema.org","@graph":[{"@type":"WebPage","@id":"https:\/\/sonjafellner.com\/?product=bernadette","url":"https:\/\/sonjafellner.com\/?product=bernadette","name":"Bernadette &ndash; Sonja Fellner","isPartOf":{"@id":"https:\/\/sonjafellner.com\/#website"},"datePublished":"2015-08-26T12:58:47+00:00","dateModified":"2015-09-12T15:04:31+00:00","breadcrumb":{"@id":"https:\/\/sonjafellner.com\/?product=bernadette#breadcrumb"},"inLanguage":"en-US","potentialAction":[{"@type":"ReadAction","target":["https:\/\/sonjafellner.com\/?product=bernadette"]}]},{"@type":"BreadcrumbList","@id":"https:\/\/sonjafellner.com\/?product=bernadette#breadcrumb","itemListElement":[{"@type":"ListItem","position":1,"name":"Home","item":"https:\/\/sonjafellner.com\/"},{"@type":"ListItem","position":2,"name":"Shop","item":"https:\/\/sonjafellner.com\/?page_id=14"},{"@type":"ListItem","position":3,"name":"Bernadette"}]},{"@type":"WebSite","@id":"https:\/\/sonjafellner.com\/#website","url":"https:\/\/sonjafellner.com\/","name":"Sonja Fellner","description":"Austria","potentialAction":[{"@type":"SearchAction","target":{"@type":"EntryPoint","urlTemplate":"https:\/\/sonjafellner.com\/?s={search_term_string}"},"query-input":"required name=search_term_string"}],"inLanguage":"en-US"}]}},"_links":{"self":[{"href":"https:\/\/sonjafellner.com\/index.php?rest_route=\/wp\/v3\/product\/146"}],"collection":[{"href":"https:\/\/sonjafellner.com\/index.php?rest_route=\/wp\/v3\/product"}],"about":[{"href":"https:\/\/sonjafellner.com\/index.php?rest_route=\/wp\/v2\/types\/product"}],"replies":[{"embeddable":true,"href":"https:\/\/sonjafellner.com\/index.php?rest_route=%2Fwp%2Fv2%2Fcomments&post=146"}],"wp:featuredmedia":[{"embeddable":true,"href":"https:\/\/sonjafellner.com\/index.php?rest_route=\/wp\/v2\/media\/406"}],"wp:attachment":[{"href":"https:\/\/sonjafellner.com\/index.php?rest_route=%2Fwp%2Fv2%2Fmedia&parent=146"}],"wp:term":[{"taxonomy":"product_cat","embeddable":true,"href":"https:\/\/sonjafellner.com\/index.php?rest_route=%2Fwp%2Fv2%2Fproduct_cat&post=146"},{"taxonomy":"product_tag","embeddable":true,"href":"https:\/\/sonjafellner.com\/index.php?rest_route=%2Fwp%2Fv2%2Fproduct_tag&post=146"}],"curies":[{"name":"wp","href":"https:\/\/api.w.org\/{rel}","templated":true}]}}