{"id":1289,"date":"2016-08-21T20:02:45","date_gmt":"2016-08-21T18:02:45","guid":{"rendered":"http:\/\/sonjafellner.com\/produkt\/finjia\/"},"modified":"2016-08-21T20:12:41","modified_gmt":"2016-08-21T18:12:41","slug":"finja","status":"publish","type":"product","link":"https:\/\/sonjafellner.com\/?product=finja","title":{"rendered":"Finja"},"content":{"rendered":"<div class=\"dsc\">\n<div class=\"dsc\">\n<div class=\"dsc\">\n<div class=\"dsc\">\n<div class=\"dsc\">\n<p>Das Dirndlkleid Finja besticht durch den besonderen Druck in unterschiedlichen Blaut\u00f6nen. Der Rock ist im mittleren Teil handgezogen und seitlich und r\u00fcckseitig in Kellerfalten gelegt. Eine Paspel ziert den Ausschnitt und die Tr\u00e4ger. Das Dirndlkleid ist seitlich mit einem Zip zu schlie\u00dfen und eignet sich auch gut als Sommerkleid.<\/p>\n<\/div>\n<\/div>\n<\/div>\n<\/div>\n<\/div>\n","protected":false},"excerpt":{"rendered":"<p>Das Dirndlkleid Finja besticht durch den besonderen Druck in unterschiedlichen Blaut\u00f6nen. Der Rock ist im mittleren Teil handgezogen und seitlich und r\u00fcckseitig in Kellerfalten gelegt. Eine Paspel ziert den Ausschnitt und die Tr\u00e4ger. Das Dirndlkleid ist seitlich mit einem Zip zu schlie\u00dfen und eignet sich auch gut als Sommerkleid.<\/p>\n","protected":false},"featured_media":1294,"comment_status":"open","ping_status":"closed","template":"","meta":[],"product_cat":[6,10],"product_tag":[],"yoast_head":"<!-- This site is optimized with the Yoast SEO plugin v20.11 - https:\/\/yoast.com\/wordpress\/plugins\/seo\/ -->\n<title>Finja &ndash; Sonja Fellner<\/title>\n<meta name=\"robots\" content=\"index, follow, max-snippet:-1, max-image-preview:large, max-video-preview:-1\" \/>\n<link rel=\"canonical\" href=\"https:\/\/sonjafellner.com\/?product=finja\" \/>\n<meta property=\"og:locale\" content=\"en_US\" \/>\n<meta property=\"og:type\" content=\"article\" \/>\n<meta property=\"og:title\" content=\"Finja &ndash; Sonja Fellner\" \/>\n<meta property=\"og:description\" content=\"Das Dirndlkleid Finja besticht durch den besonderen Druck in unterschiedlichen Blaut\u00f6nen. Der Rock ist im mittleren Teil handgezogen und seitlich und r\u00fcckseitig in Kellerfalten gelegt. Eine Paspel ziert den Ausschnitt und die Tr\u00e4ger. Das Dirndlkleid ist seitlich mit einem Zip zu schlie\u00dfen und eignet sich auch gut als Sommerkleid.\" \/>\n<meta property=\"og:url\" content=\"https:\/\/sonjafellner.com\/?product=finja\" \/>\n<meta property=\"og:site_name\" content=\"Sonja Fellner\" \/>\n<meta property=\"article:modified_time\" content=\"2016-08-21T18:12:41+00:00\" \/>\n<meta property=\"og:image\" content=\"https:\/\/sonjafellner.com\/wp-content\/uploads\/2016\/08\/sonja-fellner-finja-dirndl-alltagsdirndl-vorderansicht.jpg\" \/>\n\t<meta property=\"og:image:width\" content=\"1000\" \/>\n\t<meta property=\"og:image:height\" content=\"1500\" \/>\n\t<meta property=\"og:image:type\" content=\"image\/jpeg\" \/>\n<meta name=\"twitter:card\" content=\"summary_large_image\" \/>\n<script type=\"application\/ld+json\" class=\"yoast-schema-graph\">{\"@context\":\"https:\/\/schema.org\",\"@graph\":[{\"@type\":\"WebPage\",\"@id\":\"https:\/\/sonjafellner.com\/?product=finja\",\"url\":\"https:\/\/sonjafellner.com\/?product=finja\",\"name\":\"Finja &ndash; Sonja Fellner\",\"isPartOf\":{\"@id\":\"https:\/\/sonjafellner.com\/#website\"},\"datePublished\":\"2016-08-21T18:02:45+00:00\",\"dateModified\":\"2016-08-21T18:12:41+00:00\",\"breadcrumb\":{\"@id\":\"https:\/\/sonjafellner.com\/?product=finja#breadcrumb\"},\"inLanguage\":\"en-US\",\"potentialAction\":[{\"@type\":\"ReadAction\",\"target\":[\"https:\/\/sonjafellner.com\/?product=finja\"]}]},{\"@type\":\"BreadcrumbList\",\"@id\":\"https:\/\/sonjafellner.com\/?product=finja#breadcrumb\",\"itemListElement\":[{\"@type\":\"ListItem\",\"position\":1,\"name\":\"Home\",\"item\":\"https:\/\/sonjafellner.com\/\"},{\"@type\":\"ListItem\",\"position\":2,\"name\":\"Shop\",\"item\":\"https:\/\/sonjafellner.com\/?page_id=14\"},{\"@type\":\"ListItem\",\"position\":3,\"name\":\"Finja\"}]},{\"@type\":\"WebSite\",\"@id\":\"https:\/\/sonjafellner.com\/#website\",\"url\":\"https:\/\/sonjafellner.com\/\",\"name\":\"Sonja Fellner\",\"description\":\"Austria\",\"potentialAction\":[{\"@type\":\"SearchAction\",\"target\":{\"@type\":\"EntryPoint\",\"urlTemplate\":\"https:\/\/sonjafellner.com\/?s={search_term_string}\"},\"query-input\":\"required name=search_term_string\"}],\"inLanguage\":\"en-US\"}]}<\/script>\n<!-- \/ Yoast SEO plugin. -->","yoast_head_json":{"title":"Finja &ndash; Sonja Fellner","robots":{"index":"index","follow":"follow","max-snippet":"max-snippet:-1","max-image-preview":"max-image-preview:large","max-video-preview":"max-video-preview:-1"},"canonical":"https:\/\/sonjafellner.com\/?product=finja","og_locale":"en_US","og_type":"article","og_title":"Finja &ndash; Sonja Fellner","og_description":"Das Dirndlkleid Finja besticht durch den besonderen Druck in unterschiedlichen Blaut\u00f6nen. Der Rock ist im mittleren Teil handgezogen und seitlich und r\u00fcckseitig in Kellerfalten gelegt. Eine Paspel ziert den Ausschnitt und die Tr\u00e4ger. Das Dirndlkleid ist seitlich mit einem Zip zu schlie\u00dfen und eignet sich auch gut als Sommerkleid.","og_url":"https:\/\/sonjafellner.com\/?product=finja","og_site_name":"Sonja Fellner","article_modified_time":"2016-08-21T18:12:41+00:00","og_image":[{"width":1000,"height":1500,"url":"https:\/\/sonjafellner.com\/wp-content\/uploads\/2016\/08\/sonja-fellner-finja-dirndl-alltagsdirndl-vorderansicht.jpg","type":"image\/jpeg"}],"twitter_card":"summary_large_image","schema":{"@context":"https:\/\/schema.org","@graph":[{"@type":"WebPage","@id":"https:\/\/sonjafellner.com\/?product=finja","url":"https:\/\/sonjafellner.com\/?product=finja","name":"Finja &ndash; Sonja Fellner","isPartOf":{"@id":"https:\/\/sonjafellner.com\/#website"},"datePublished":"2016-08-21T18:02:45+00:00","dateModified":"2016-08-21T18:12:41+00:00","breadcrumb":{"@id":"https:\/\/sonjafellner.com\/?product=finja#breadcrumb"},"inLanguage":"en-US","potentialAction":[{"@type":"ReadAction","target":["https:\/\/sonjafellner.com\/?product=finja"]}]},{"@type":"BreadcrumbList","@id":"https:\/\/sonjafellner.com\/?product=finja#breadcrumb","itemListElement":[{"@type":"ListItem","position":1,"name":"Home","item":"https:\/\/sonjafellner.com\/"},{"@type":"ListItem","position":2,"name":"Shop","item":"https:\/\/sonjafellner.com\/?page_id=14"},{"@type":"ListItem","position":3,"name":"Finja"}]},{"@type":"WebSite","@id":"https:\/\/sonjafellner.com\/#website","url":"https:\/\/sonjafellner.com\/","name":"Sonja Fellner","description":"Austria","potentialAction":[{"@type":"SearchAction","target":{"@type":"EntryPoint","urlTemplate":"https:\/\/sonjafellner.com\/?s={search_term_string}"},"query-input":"required name=search_term_string"}],"inLanguage":"en-US"}]}},"_links":{"self":[{"href":"https:\/\/sonjafellner.com\/index.php?rest_route=\/wp\/v3\/product\/1289"}],"collection":[{"href":"https:\/\/sonjafellner.com\/index.php?rest_route=\/wp\/v3\/product"}],"about":[{"href":"https:\/\/sonjafellner.com\/index.php?rest_route=\/wp\/v2\/types\/product"}],"replies":[{"embeddable":true,"href":"https:\/\/sonjafellner.com\/index.php?rest_route=%2Fwp%2Fv2%2Fcomments&post=1289"}],"wp:featuredmedia":[{"embeddable":true,"href":"https:\/\/sonjafellner.com\/index.php?rest_route=\/wp\/v2\/media\/1294"}],"wp:attachment":[{"href":"https:\/\/sonjafellner.com\/index.php?rest_route=%2Fwp%2Fv2%2Fmedia&parent=1289"}],"wp:term":[{"taxonomy":"product_cat","embeddable":true,"href":"https:\/\/sonjafellner.com\/index.php?rest_route=%2Fwp%2Fv2%2Fproduct_cat&post=1289"},{"taxonomy":"product_tag","embeddable":true,"href":"https:\/\/sonjafellner.com\/index.php?rest_route=%2Fwp%2Fv2%2Fproduct_tag&post=1289"}],"curies":[{"name":"wp","href":"https:\/\/api.w.org\/{rel}","templated":true}]}}

<div class="dsc">
<div class="dsc">
<div class="dsc">
<div class="dsc">
<div class="dsc">
<p>Das Dirndlkleid Finja besticht durch den besonderen Druck in unterschiedlichen Blautönen. Der Rock ist im mittleren Teil handgezogen und seitlich und rückseitig in Kellerfalten gelegt. Eine Paspel ziert den Ausschnitt und die Träger. Das Dirndlkleid ist seitlich mit einem Zip zu schließen und eignet sich auch gut als Sommerkleid.</p>
</div>
</div>
</div>
</div>
</div>

<p>Das Dirndlkleid Finja besticht durch den besonderen Druck in unterschiedlichen Blautönen. Der Rock ist im mittleren Teil handgezogen und seitlich und rückseitig in Kellerfalten gelegt. Eine Paspel ziert den Ausschnitt und die Träger. Das Dirndlkleid ist seitlich mit einem Zip zu schließen und eignet sich auch gut als Sommerkleid.</p>

<!-- This site is optimized with the Yoast SEO plugin v20.11 - https://yoast.com/wordpress/plugins/seo/ -->
<title>Finja &ndash; Sonja Fellner</title>
<meta name="robots" content="index, follow, max-snippet:-1, max-image-preview:large, max-video-preview:-1" />
<link rel="canonical" href="https://sonjafellner.com/?product=finja" />
<meta property="og:locale" content="en_US" />
<meta property="og:type" content="article" />
<meta property="og:title" content="Finja &ndash; Sonja Fellner" />
<meta property="og:description" content="Das Dirndlkleid Finja besticht durch den besonderen Druck in unterschiedlichen Blautönen. Der Rock ist im mittleren Teil handgezogen und seitlich und rückseitig in Kellerfalten gelegt. Eine Paspel ziert den Ausschnitt und die Träger. Das Dirndlkleid ist seitlich mit einem Zip zu schließen und eignet sich auch gut als Sommerkleid." />
<meta property="og:url" content="https://sonjafellner.com/?product=finja" />
<meta property="og:site_name" content="Sonja Fellner" />
<meta property="article:modified_time" content="2016-08-21T18:12:41+00:00" />
<meta property="og:image" content="https://sonjafellner.com/wp-content/uploads/2016/08/sonja-fellner-finja-dirndl-alltagsdirndl-vorderansicht.jpg" />
	<meta property="og:image:width" content="1000" />
	<meta property="og:image:height" content="1500" />
	<meta property="og:image:type" content="image/jpeg" />
<meta name="twitter:card" content="summary_large_image" />
<script type="application/ld+json" class="yoast-schema-graph">{"@context":"https://schema.org","@graph":[{"@type":"WebPage","@id":"https://sonjafellner.com/?product=finja","url":"https://sonjafellner.com/?product=finja","name":"Finja &ndash; Sonja Fellner","isPartOf":{"@id":"https://sonjafellner.com/#website"},"datePublished":"2016-08-21T18:02:45+00:00","dateModified":"2016-08-21T18:12:41+00:00","breadcrumb":{"@id":"https://sonjafellner.com/?product=finja#breadcrumb"},"inLanguage":"en-US","potentialAction":[{"@type":"ReadAction","target":["https://sonjafellner.com/?product=finja"]}]},{"@type":"BreadcrumbList","@id":"https://sonjafellner.com/?product=finja#breadcrumb","itemListElement":[{"@type":"ListItem","position":1,"name":"Home","item":"https://sonjafellner.com/"},{"@type":"ListItem","position":2,"name":"Shop","item":"https://sonjafellner.com/?page_id=14"},{"@type":"ListItem","position":3,"name":"Finja"}]},{"@type":"WebSite","@id":"https://sonjafellner.com/#website","url":"https://sonjafellner.com/","name":"Sonja Fellner","description":"Austria","potentialAction":[{"@type":"SearchAction","target":{"@type":"EntryPoint","urlTemplate":"https://sonjafellner.com/?s={search_term_string}"},"query-input":"required name=search_term_string"}],"inLanguage":"en-US"}]}</script>
<!-- / Yoast SEO plugin. -->

Das Dirndlkleid Finja besticht durch den besonderen Druck in unterschiedlichen Blautönen. Der Rock ist im mittleren Teil handgezogen und seitlich und rückseitig in Kellerfalten gelegt. Eine Paspel ziert den Ausschnitt und die Träger. Das Dirndlkleid ist seitlich mit einem Zip zu schließen und eignet sich auch gut als Sommerkleid.
