{"id":1245,"date":"2016-08-11T19:37:27","date_gmt":"2016-08-11T17:37:27","guid":{"rendered":"http:\/\/sonjafellner.com\/produkt\/jana\/"},"modified":"2016-08-11T19:47:24","modified_gmt":"2016-08-11T17:47:24","slug":"jana","status":"publish","type":"product","link":"https:\/\/sonjafellner.com\/?product=jana","title":{"rendered":"Jana"},"content":{"rendered":"<p>Jana ist ein h\u00fcbsches Boleroj\u00e4ckchen aus feinem, schwarzen Samt. Es passt mit sinem Stil und farblich hervorragend zu den R\u00f6cken Rosalie und Rita. Vorne ist es mit einem hervorstechenden Posamentverschluss ausgestattet.<\/p>\n","protected":false},"excerpt":{"rendered":"<p>Jana ist ein h\u00fcbsches Boleroj\u00e4ckchen aus feinem, schwarzen Samt. Es passt mit sinem Stil und farblich hervorragend zu den R\u00f6cken Rosalie und Rita. Vorne ist es mit einem hervorstechenden Posamentverschluss ausgestattet.<\/p>\n","protected":false},"featured_media":1236,"comment_status":"closed","ping_status":"closed","template":"","meta":[],"product_cat":[126],"product_tag":[],"yoast_head":"<!-- This site is optimized with the Yoast SEO plugin v20.11 - https:\/\/yoast.com\/wordpress\/plugins\/seo\/ -->\n<title>Jana &ndash; Sonja Fellner<\/title>\n<meta name=\"robots\" content=\"index, follow, max-snippet:-1, max-image-preview:large, max-video-preview:-1\" \/>\n<link rel=\"canonical\" href=\"https:\/\/sonjafellner.com\/?product=jana\" \/>\n<meta property=\"og:locale\" content=\"en_US\" \/>\n<meta property=\"og:type\" content=\"article\" \/>\n<meta property=\"og:title\" content=\"Jana &ndash; Sonja Fellner\" \/>\n<meta property=\"og:description\" content=\"Jana ist ein h\u00fcbsches Boleroj\u00e4ckchen aus feinem, schwarzen Samt. Es passt mit sinem Stil und farblich hervorragend zu den R\u00f6cken Rosalie und Rita. Vorne ist es mit einem hervorstechenden Posamentverschluss ausgestattet.\" \/>\n<meta property=\"og:url\" content=\"https:\/\/sonjafellner.com\/?product=jana\" \/>\n<meta property=\"og:site_name\" content=\"Sonja Fellner\" \/>\n<meta property=\"article:modified_time\" content=\"2016-08-11T17:47:24+00:00\" \/>\n<meta property=\"og:image\" content=\"https:\/\/sonjafellner.com\/wp-content\/uploads\/2016\/08\/sonja-fellner-jana-desire-for-romance-jacke-vorderansicht.jpg\" \/>\n\t<meta property=\"og:image:width\" content=\"1000\" \/>\n\t<meta property=\"og:image:height\" content=\"1500\" \/>\n\t<meta property=\"og:image:type\" content=\"image\/jpeg\" \/>\n<meta name=\"twitter:card\" content=\"summary_large_image\" \/>\n<script type=\"application\/ld+json\" class=\"yoast-schema-graph\">{\"@context\":\"https:\/\/schema.org\",\"@graph\":[{\"@type\":\"WebPage\",\"@id\":\"https:\/\/sonjafellner.com\/?product=jana\",\"url\":\"https:\/\/sonjafellner.com\/?product=jana\",\"name\":\"Jana &ndash; Sonja Fellner\",\"isPartOf\":{\"@id\":\"https:\/\/sonjafellner.com\/#website\"},\"datePublished\":\"2016-08-11T17:37:27+00:00\",\"dateModified\":\"2016-08-11T17:47:24+00:00\",\"breadcrumb\":{\"@id\":\"https:\/\/sonjafellner.com\/?product=jana#breadcrumb\"},\"inLanguage\":\"en-US\",\"potentialAction\":[{\"@type\":\"ReadAction\",\"target\":[\"https:\/\/sonjafellner.com\/?product=jana\"]}]},{\"@type\":\"BreadcrumbList\",\"@id\":\"https:\/\/sonjafellner.com\/?product=jana#breadcrumb\",\"itemListElement\":[{\"@type\":\"ListItem\",\"position\":1,\"name\":\"Home\",\"item\":\"https:\/\/sonjafellner.com\/\"},{\"@type\":\"ListItem\",\"position\":2,\"name\":\"Shop\",\"item\":\"https:\/\/sonjafellner.com\/?page_id=14\"},{\"@type\":\"ListItem\",\"position\":3,\"name\":\"Jana\"}]},{\"@type\":\"WebSite\",\"@id\":\"https:\/\/sonjafellner.com\/#website\",\"url\":\"https:\/\/sonjafellner.com\/\",\"name\":\"Sonja Fellner\",\"description\":\"Austria\",\"potentialAction\":[{\"@type\":\"SearchAction\",\"target\":{\"@type\":\"EntryPoint\",\"urlTemplate\":\"https:\/\/sonjafellner.com\/?s={search_term_string}\"},\"query-input\":\"required name=search_term_string\"}],\"inLanguage\":\"en-US\"}]}<\/script>\n<!-- \/ Yoast SEO plugin. -->","yoast_head_json":{"title":"Jana &ndash; Sonja Fellner","robots":{"index":"index","follow":"follow","max-snippet":"max-snippet:-1","max-image-preview":"max-image-preview:large","max-video-preview":"max-video-preview:-1"},"canonical":"https:\/\/sonjafellner.com\/?product=jana","og_locale":"en_US","og_type":"article","og_title":"Jana &ndash; Sonja Fellner","og_description":"Jana ist ein h\u00fcbsches Boleroj\u00e4ckchen aus feinem, schwarzen Samt. Es passt mit sinem Stil und farblich hervorragend zu den R\u00f6cken Rosalie und Rita. Vorne ist es mit einem hervorstechenden Posamentverschluss ausgestattet.","og_url":"https:\/\/sonjafellner.com\/?product=jana","og_site_name":"Sonja Fellner","article_modified_time":"2016-08-11T17:47:24+00:00","og_image":[{"width":1000,"height":1500,"url":"https:\/\/sonjafellner.com\/wp-content\/uploads\/2016\/08\/sonja-fellner-jana-desire-for-romance-jacke-vorderansicht.jpg","type":"image\/jpeg"}],"twitter_card":"summary_large_image","schema":{"@context":"https:\/\/schema.org","@graph":[{"@type":"WebPage","@id":"https:\/\/sonjafellner.com\/?product=jana","url":"https:\/\/sonjafellner.com\/?product=jana","name":"Jana &ndash; Sonja Fellner","isPartOf":{"@id":"https:\/\/sonjafellner.com\/#website"},"datePublished":"2016-08-11T17:37:27+00:00","dateModified":"2016-08-11T17:47:24+00:00","breadcrumb":{"@id":"https:\/\/sonjafellner.com\/?product=jana#breadcrumb"},"inLanguage":"en-US","potentialAction":[{"@type":"ReadAction","target":["https:\/\/sonjafellner.com\/?product=jana"]}]},{"@type":"BreadcrumbList","@id":"https:\/\/sonjafellner.com\/?product=jana#breadcrumb","itemListElement":[{"@type":"ListItem","position":1,"name":"Home","item":"https:\/\/sonjafellner.com\/"},{"@type":"ListItem","position":2,"name":"Shop","item":"https:\/\/sonjafellner.com\/?page_id=14"},{"@type":"ListItem","position":3,"name":"Jana"}]},{"@type":"WebSite","@id":"https:\/\/sonjafellner.com\/#website","url":"https:\/\/sonjafellner.com\/","name":"Sonja Fellner","description":"Austria","potentialAction":[{"@type":"SearchAction","target":{"@type":"EntryPoint","urlTemplate":"https:\/\/sonjafellner.com\/?s={search_term_string}"},"query-input":"required name=search_term_string"}],"inLanguage":"en-US"}]}},"_links":{"self":[{"href":"https:\/\/sonjafellner.com\/index.php?rest_route=\/wp\/v3\/product\/1245"}],"collection":[{"href":"https:\/\/sonjafellner.com\/index.php?rest_route=\/wp\/v3\/product"}],"about":[{"href":"https:\/\/sonjafellner.com\/index.php?rest_route=\/wp\/v2\/types\/product"}],"replies":[{"embeddable":true,"href":"https:\/\/sonjafellner.com\/index.php?rest_route=%2Fwp%2Fv2%2Fcomments&post=1245"}],"wp:featuredmedia":[{"embeddable":true,"href":"https:\/\/sonjafellner.com\/index.php?rest_route=\/wp\/v2\/media\/1236"}],"wp:attachment":[{"href":"https:\/\/sonjafellner.com\/index.php?rest_route=%2Fwp%2Fv2%2Fmedia&parent=1245"}],"wp:term":[{"taxonomy":"product_cat","embeddable":true,"href":"https:\/\/sonjafellner.com\/index.php?rest_route=%2Fwp%2Fv2%2Fproduct_cat&post=1245"},{"taxonomy":"product_tag","embeddable":true,"href":"https:\/\/sonjafellner.com\/index.php?rest_route=%2Fwp%2Fv2%2Fproduct_tag&post=1245"}],"curies":[{"name":"wp","href":"https:\/\/api.w.org\/{rel}","templated":true}]}}