{"id":1089,"date":"2016-03-02T10:28:00","date_gmt":"2016-03-02T09:28:00","guid":{"rendered":"http:\/\/sonjafellner.com\/?page_id=1089"},"modified":"2021-02-04T01:39:49","modified_gmt":"2021-02-04T00:39:49","slug":"landhausmode","status":"publish","type":"page","link":"https:\/\/sonjafellner.com\/?page_id=1089","title":{"rendered":"Landhausmode"},"content":{"rendered":"<h1>Landhausmode mit h\u00f6chstem Wiedererkennungswert<\/h1>\n<p>Landhausmode liegt mehr denn je im Trend. Der Wunsch und die Sehnsucht nach einem ruhigen, idyllischen Leben machen die Landhausmode zum festen Bestandteil der heutigen Modewelt. Dabei begeben sich die traditionellen Fashionlooks immer wieder auf einen Spagat, der von Tradition bis zur Moderne reicht. Sonja Fellner hat sich auf die Kreation atemberaubender Landhausmode spezialisiert und begeistert in diesem Bereich mit einer liebevollen Auswahl an besonders edlen Designs. Dabei hat die Landhausmode von <a href=\"http:\/\/sonjafellner.com\">Sonja Fellner<\/a> Seltenheitswert, denn alle Designs werden nur in Kleinserien produziert. Bewusst haben wir uns gegen die Massenproduktion gestellt, die in der Modewelt Bestandteil des Alltags ist.<\/p>\n<h2>Feminin und elegant zugleich<\/h2>\n<p>Es gibt viele Facetten, die die Landhausmode heute so beliebt machen. Eines haben die zahlreichen Kollektionen gemeinsam: Die Schnitte sind ausgesprochen feminin. So schmeichelt Landhausmode f\u00fcr Damen der weiblichen Figur. Die Looks pr\u00e4sentieren sich gern von einer urigen und facettenreichen Seite. Sie sind um Kontraste ebenso wenig verwegen wie um die aufwendigen Muster. Doch mit der heutigen Landhausmode k\u00f6nnen Sie sich nicht nur zu besonderen Anl\u00e4ssen oder beispielsweise auf Volksfesten sehen lassen. Selbst in der City geben Sie hiermit eine unwiderstehlich gute Figur ab.<\/p>\n<h3>Z\u00fcnftig schick gekleidet<\/h3>\n<p>Wenn Sie sich gern urig und traditionell, zugleich aber auch schick kleiden, treffen Sie mit unserer Landhausmode ins Schwarze. Lassen Sie sich von den sorgsam ausgesuchten Stoffen unserer Kollektionen begeistern. F\u00fcr Sie kombinieren wir traditionelles Flair mit Gute-Laune-Farben, die Freude und Abwechslung in den Alltag bringen. W\u00e4hlen Sie Ihre Favoriten ganz bequem in unserem Online Shop aus und entscheiden Sie sich f\u00fcr Landhausmode, die das Potenzial hat zu Ihrem Favoriten zu werden. Dabei begeistert unsere Landhausmode zum einen sicherlich durch die Designs, zum anderen aber auch durch die edle Verarbeitung, die keine Details au\u00dfen vorl\u00e4sst.<\/p>\n","protected":false},"excerpt":{"rendered":"<p>Landhausmode mit h\u00f6chstem Wiedererkennungswert Landhausmode liegt mehr denn je im Trend. Der Wunsch und die Sehnsucht nach einem ruhigen, idyllischen Leben machen die Landhausmode zum festen Bestandteil der heutigen Modewelt. Dabei begeben sich die traditionellen Fashionlooks immer wieder auf einen Spagat, der von Tradition bis zur Moderne reicht. Sonja Fellner hat sich auf die Kreation<br class=\"read-more-spacer\"> <a class=\"more-link clearfix\" href=\"https:\/\/sonjafellner.com\/?page_id=1089\">Read More<\/a><\/p>\n","protected":false},"author":10,"featured_media":0,"parent":0,"menu_order":0,"comment_status":"closed","ping_status":"closed","template":"","meta":[],"acf":[],"yoast_head":"<!-- This site is optimized with the Yoast SEO plugin v20.11 - https:\/\/yoast.com\/wordpress\/plugins\/seo\/ -->\n<title>Landhausmode: Die Verbindung zwischen Tradition und Moderne<\/title>\n<meta name=\"description\" content=\"Die heutige Landhausmode kombiniert mehr denn je Tradition und Moderne miteinander. Freuen Sie sich auf unsere l\u00e4ndlichen Looks.\" \/>\n<meta name=\"robots\" content=\"index, follow, max-snippet:-1, max-image-preview:large, max-video-preview:-1\" \/>\n<link rel=\"canonical\" href=\"https:\/\/sonjafellner.com\/?page_id=1089\" \/>\n<meta property=\"og:locale\" content=\"en_US\" \/>\n<meta property=\"og:type\" content=\"article\" \/>\n<meta property=\"og:title\" content=\"Landhausmode: Die Verbindung zwischen Tradition und Moderne\" \/>\n<meta property=\"og:description\" content=\"Die heutige Landhausmode kombiniert mehr denn je Tradition und Moderne miteinander. Freuen Sie sich auf unsere l\u00e4ndlichen Looks.\" \/>\n<meta property=\"og:url\" content=\"https:\/\/sonjafellner.com\/?page_id=1089\" \/>\n<meta property=\"og:site_name\" content=\"Sonja Fellner\" \/>\n<meta property=\"article:modified_time\" content=\"2021-02-04T00:39:49+00:00\" \/>\n<meta name=\"twitter:card\" content=\"summary_large_image\" \/>\n<meta name=\"twitter:label1\" content=\"Est. reading time\" \/>\n\t<meta name=\"twitter:data1\" content=\"2 minutes\" \/>\n<script type=\"application\/ld+json\" class=\"yoast-schema-graph\">{\"@context\":\"https:\/\/schema.org\",\"@graph\":[{\"@type\":\"WebPage\",\"@id\":\"https:\/\/sonjafellner.com\/?page_id=1089\",\"url\":\"https:\/\/sonjafellner.com\/?page_id=1089\",\"name\":\"Landhausmode: Die Verbindung zwischen Tradition und Moderne\",\"isPartOf\":{\"@id\":\"https:\/\/sonjafellner.com\/#website\"},\"datePublished\":\"2016-03-02T09:28:00+00:00\",\"dateModified\":\"2021-02-04T00:39:49+00:00\",\"description\":\"Die heutige Landhausmode kombiniert mehr denn je Tradition und Moderne miteinander. Freuen Sie sich auf unsere l\u00e4ndlichen Looks.\",\"breadcrumb\":{\"@id\":\"https:\/\/sonjafellner.com\/?page_id=1089#breadcrumb\"},\"inLanguage\":\"en-US\",\"potentialAction\":[{\"@type\":\"ReadAction\",\"target\":[\"https:\/\/sonjafellner.com\/?page_id=1089\"]}]},{\"@type\":\"BreadcrumbList\",\"@id\":\"https:\/\/sonjafellner.com\/?page_id=1089#breadcrumb\",\"itemListElement\":[{\"@type\":\"ListItem\",\"position\":1,\"name\":\"Home\",\"item\":\"https:\/\/sonjafellner.com\/\"},{\"@type\":\"ListItem\",\"position\":2,\"name\":\"Landhausmode\"}]},{\"@type\":\"WebSite\",\"@id\":\"https:\/\/sonjafellner.com\/#website\",\"url\":\"https:\/\/sonjafellner.com\/\",\"name\":\"Sonja Fellner\",\"description\":\"Austria\",\"potentialAction\":[{\"@type\":\"SearchAction\",\"target\":{\"@type\":\"EntryPoint\",\"urlTemplate\":\"https:\/\/sonjafellner.com\/?s={search_term_string}\"},\"query-input\":\"required name=search_term_string\"}],\"inLanguage\":\"en-US\"}]}<\/script>\n<!-- \/ Yoast SEO plugin. -->","yoast_head_json":{"title":"Landhausmode: Die Verbindung zwischen Tradition und Moderne","description":"Die heutige Landhausmode kombiniert mehr denn je Tradition und Moderne miteinander. Freuen Sie sich auf unsere l\u00e4ndlichen Looks.","robots":{"index":"index","follow":"follow","max-snippet":"max-snippet:-1","max-image-preview":"max-image-preview:large","max-video-preview":"max-video-preview:-1"},"canonical":"https:\/\/sonjafellner.com\/?page_id=1089","og_locale":"en_US","og_type":"article","og_title":"Landhausmode: Die Verbindung zwischen Tradition und Moderne","og_description":"Die heutige Landhausmode kombiniert mehr denn je Tradition und Moderne miteinander. Freuen Sie sich auf unsere l\u00e4ndlichen Looks.","og_url":"https:\/\/sonjafellner.com\/?page_id=1089","og_site_name":"Sonja Fellner","article_modified_time":"2021-02-04T00:39:49+00:00","twitter_card":"summary_large_image","twitter_misc":{"Est. reading time":"2 minutes"},"schema":{"@context":"https:\/\/schema.org","@graph":[{"@type":"WebPage","@id":"https:\/\/sonjafellner.com\/?page_id=1089","url":"https:\/\/sonjafellner.com\/?page_id=1089","name":"Landhausmode: Die Verbindung zwischen Tradition und Moderne","isPartOf":{"@id":"https:\/\/sonjafellner.com\/#website"},"datePublished":"2016-03-02T09:28:00+00:00","dateModified":"2021-02-04T00:39:49+00:00","description":"Die heutige Landhausmode kombiniert mehr denn je Tradition und Moderne miteinander. Freuen Sie sich auf unsere l\u00e4ndlichen Looks.","breadcrumb":{"@id":"https:\/\/sonjafellner.com\/?page_id=1089#breadcrumb"},"inLanguage":"en-US","potentialAction":[{"@type":"ReadAction","target":["https:\/\/sonjafellner.com\/?page_id=1089"]}]},{"@type":"BreadcrumbList","@id":"https:\/\/sonjafellner.com\/?page_id=1089#breadcrumb","itemListElement":[{"@type":"ListItem","position":1,"name":"Home","item":"https:\/\/sonjafellner.com\/"},{"@type":"ListItem","position":2,"name":"Landhausmode"}]},{"@type":"WebSite","@id":"https:\/\/sonjafellner.com\/#website","url":"https:\/\/sonjafellner.com\/","name":"Sonja Fellner","description":"Austria","potentialAction":[{"@type":"SearchAction","target":{"@type":"EntryPoint","urlTemplate":"https:\/\/sonjafellner.com\/?s={search_term_string}"},"query-input":"required name=search_term_string"}],"inLanguage":"en-US"}]}},"_links":{"self":[{"href":"https:\/\/sonjafellner.com\/index.php?rest_route=\/wp\/v2\/pages\/1089"}],"collection":[{"href":"https:\/\/sonjafellner.com\/index.php?rest_route=\/wp\/v2\/pages"}],"about":[{"href":"https:\/\/sonjafellner.com\/index.php?rest_route=\/wp\/v2\/types\/page"}],"author":[{"embeddable":true,"href":"https:\/\/sonjafellner.com\/index.php?rest_route=\/wp\/v2\/users\/10"}],"replies":[{"embeddable":true,"href":"https:\/\/sonjafellner.com\/index.php?rest_route=%2Fwp%2Fv2%2Fcomments&post=1089"}],"version-history":[{"count":5,"href":"https:\/\/sonjafellner.com\/index.php?rest_route=\/wp\/v2\/pages\/1089\/revisions"}],"predecessor-version":[{"id":1506,"href":"https:\/\/sonjafellner.com\/index.php?rest_route=\/wp\/v2\/pages\/1089\/revisions\/1506"}],"wp:attachment":[{"href":"https:\/\/sonjafellner.com\/index.php?rest_route=%2Fwp%2Fv2%2Fmedia&parent=1089"}],"curies":[{"name":"wp","href":"https:\/\/api.w.org\/{rel}","templated":true}]}}